{"id":37,"date":"2024-10-08T14:09:59","date_gmt":"2024-10-08T12:09:59","guid":{"rendered":"https:\/\/www.est-ce-vrai.fr\/?page_id=37"},"modified":"2024-10-09T19:46:31","modified_gmt":"2024-10-09T17:46:31","slug":"est-ce-vrai","status":"publish","type":"page","link":"https:\/\/www.est-ce-vrai.fr\/?page_id=37","title":{"rendered":"Est-ce vrai ?"},"content":{"rendered":"\n<h4 class=\"wp-block-heading\">Fonctionnement :<\/h4>\n\n\n\n<ol class=\"wp-block-list\">\n<li><strong>Saisie de la question<\/strong> : Entrez une affirmation ou une question dans le formulaire ci-dessous.<\/li>\n\n\n\n<li><strong>Analyse de l&rsquo;information<\/strong> : L&rsquo;intelligence artificielle traite votre requ\u00eate en se basant sur des sources fiables telles que des ouvrages scientifiques, des bases de donn\u00e9es historiques ou des sites gouvernementaux.<\/li>\n\n\n\n<li><strong>R\u00e9ponse avec des r\u00e9f\u00e9rences<\/strong> : Le syst\u00e8me vous fournira une r\u00e9ponse claire, \u00e9tay\u00e9e par au moins 3 sources diff\u00e9rentes pour confirmer ou infirmer le fait \u00e9nonc\u00e9.<\/li>\n\n\n\n<li><strong>Pr\u00e9cautions<\/strong> : \n<ul class=\"wp-block-list\">\n<li>Si la question concerne un sujet de perception comme une \u00e9motion, une opinion ou encore de l&rsquo;humour, l&rsquo;outil vous informera qu&rsquo;il ne peut pas traiter ce type de demandes.<\/li>\n\n\n\n<li><strong>Faits non prouv\u00e9s<\/strong> : Si aucune donn\u00e9e scientifique ou historique solide ne permet de conclure, cela sera \u00e9galement indiqu\u00e9.<\/li>\n<\/ul>\n<\/li>\n<\/ol>\n\n\n\n[question_est-ce-vrai]\n\n\n\n<hr class=\"wp-block-separator has-alpha-channel-opacity\"\/>\n\n\n\n<p>Malgr\u00e9 les efforts de l&rsquo;\u00e9quipe, l&rsquo;outil peut faire des erreurs. Envisagez de v\u00e9rifier les informations importantes via d&rsquo;autres sources d&rsquo;information.<\/p>\n\n\n\n<hr class=\"wp-block-separator has-alpha-channel-opacity\"\/>\n","protected":false},"excerpt":{"rendered":"<p>Fonctionnement : [question_est-ce-vrai] Malgr\u00e9 les efforts de l&rsquo;\u00e9quipe, l&rsquo;outil peut faire des erreurs. Envisagez de v\u00e9rifier les informations importantes via d&rsquo;autres sources d&rsquo;information.<\/p>\n","protected":false},"author":1,"featured_media":0,"parent":0,"menu_order":0,"comment_status":"closed","ping_status":"closed","template":"","meta":{"saved_in_kubio":false,"footnotes":""},"class_list":["post-37","page","type-page","status-publish","hentry"],"kubio_ai_page_context":{"short_desc":"","purpose":"general"},"_links":{"self":[{"href":"https:\/\/www.est-ce-vrai.fr\/index.php?rest_route=\/wp\/v2\/pages\/37","targetHints":{"allow":["GET"]}}],"collection":[{"href":"https:\/\/www.est-ce-vrai.fr\/index.php?rest_route=\/wp\/v2\/pages"}],"about":[{"href":"https:\/\/www.est-ce-vrai.fr\/index.php?rest_route=\/wp\/v2\/types\/page"}],"author":[{"embeddable":true,"href":"https:\/\/www.est-ce-vrai.fr\/index.php?rest_route=\/wp\/v2\/users\/1"}],"replies":[{"embeddable":true,"href":"https:\/\/www.est-ce-vrai.fr\/index.php?rest_route=%2Fwp%2Fv2%2Fcomments&post=37"}],"version-history":[{"count":6,"href":"https:\/\/www.est-ce-vrai.fr\/index.php?rest_route=\/wp\/v2\/pages\/37\/revisions"}],"predecessor-version":[{"id":191,"href":"https:\/\/www.est-ce-vrai.fr\/index.php?rest_route=\/wp\/v2\/pages\/37\/revisions\/191"}],"wp:attachment":[{"href":"https:\/\/www.est-ce-vrai.fr\/index.php?rest_route=%2Fwp%2Fv2%2Fmedia&parent=37"}],"curies":[{"name":"wp","href":"https:\/\/api.w.org\/{rel}","templated":true}]}}